Let k be o(1). Suppose 4*g - 23 = 3*z - k*z, 5 = -z. What is the units digit of (-1)/(-11)*g + (-10776)/(-264)?
1
Suppose -5*s + 2*z + 2531 = 0, 0 = -s - 2*z - 3*z + 490. Suppose 5*k + 2*h - s = 0, -3*k - h + 0*h + 302 = 0. What is the units digit of k/55 - (-1)/5?
2
Suppose 72*q = -127348 + 121396 + 297120. What is the hundreds digit of q?
0
Suppose -3 + 11 = 4*k, -5*k + 31 = 3*y. Let n(x) = x - 3. Let h be n(y). Suppose -h*w + 10 = -2. What is the units digit of w?
3
Let m = -1803 - -3451. What is the hundreds digit of m?
6
Suppose 22 = -5*x + 3*x + p, 33 = -3*x + 3*p. Let h(c) = -c**3 - 3*c**2 + 29*c + 22. What is the tens digit of h(x)?
7
Let t = 85 - 90. Let j(v) = 44*v**2 + 15*v + 7. What is the units digit of j(t)?
2
Let s be 5/10*(-2 + 2) + 9. Suppose 0 = -4*v + v + s. Suppose -v*x + 7*x = 3*z - 328, -5*x - 323 = -3*z. What is the tens digit of z?
1
Suppose -30*f + 6090 = -37*f. Let r = f - -1451. What is the hundreds digit of r?
5
Let n(d) = -311*d - 2. Let c be n(1). Let g be c/(-7) + (1 - 25/35). Let r = g - 28. What is the tens digit of r?
1
Suppose n - 1034 = 5*i, 4*i = -3*n - 2*n + 5199. Let a = -519 + n. What is the units digit of a?
0
Suppose -3*a + 4*n - 4 = 0, 0 = -4*a + n - 3 + 2. Let y(t) = 50 + 29991*t + 19 - 30002*t. What is the units digit of y(a)?
9
Let w(n) be the second derivative of n**3/2 - 15*n**2/2 - 6*n. Let l be w(5). Let u(s) = -s**3 + 155. What is the hundreds digit of u(l)?
1
Let z(q) = -q**2 - q. Let b(m) = -11*m**2 - 12*m - 6. Let l(p) = -b(p) + 3*z(p). What is the hundreds digit of l(-7)?
3
Suppose -4*g - 4*u + 25891 = -103989, 4*g - 4*u = 129920. What is the units digit of g?
5
Suppose -5*q = 39*n - 38*n - 58947, 58935 = 5*q + 5*n. What is the thousands digit of q?
1
Let d be 9042/24*(1 + 3/1). Let c = d - 160. What is the units digit of c?
7
Suppose -2576727 = -150*g + 8687373. What is the tens digit of g?
9
Let g(m) = -5*m**3 - 16*m**2 + 3*m + 28. Let q(t) = -t**3 - t**2 + t + 2. Let c(z) = -g(z) + 6*q(z). What is the hundreds digit of c(7)?
1
Let f(o) = -5*o**3 - 32*o**2 - 30*o - 91. What is the tens digit of f(-11)?
2
Suppose 24*p + 2*y = 26*p - 4, 20 = -5*y. Let v(t) = 28*t**2 + 5*t + 6. What is the units digit of v(p)?
8
Let f = 80799 + -41782. What is the hundreds digit of f?
0
Let p(l) = -l**3 - 12*l**2 - 8*l - 16. Let h be p(-12). Let u = h + -78. Suppose 5*n = 2*n - 9, -5*k - u*n = -9. What is the units digit of k?
3
Let y(x) = -x - 1. Let s(t) = 25*t + 105. Let b(r) = -s(r) - 3*y(r). What is the hundreds digit of b(-16)?
2
What is the hundreds digit of (-73777600)/(-1240) + (-2)/31?
4
Let b(d) = -21 - 19 + 39 + 27*d**3 - 2*d**2 + 4*d. Let i be b(2). Let l = i + -98. What is the hundreds digit of l?
1
Let f(q) = 21*q - 69. Let p(v) = 4*v - 14. Let u be p(9). What is the hundreds digit of f(u)?
3
Let n(o) = -o**3 - 5*o**2 - 7*o - 3. Let i be n(-2). Let g(r) = -68*r + 36. What is the tens digit of g(i)?
0
What is the thousands digit of (-5405)/(-3) + 112/48?
1
Suppose 3*h - 5*t - 13685 = 0, t = -4*h + 8613 + 9649. Suppose -110*j + 121*j = h. What is the tens digit of j?
1
Let p(l) = 1920*l**2 - 8*l + 5. What is the hundreds digit of p(1)?
9
Let q be 37/5 + (-3)/(-5). Suppose 4*v - 8 = -0*v - 4*z, -4*z = q. Suppose -v*d + 53 = -3*d. What is the units digit of d?
3
Let z be (-8)/(-4 - -28) + 661/3. Let g = z + -129. What is the tens digit of g?
9
What is the ten thousands digit of -26*(-401 + 5/(-20)*2)?
1
Suppose 5*q - 3100 = -5*m, -3*q + 2858 = -m + 1018. Suppose -5*y = 2*z + q - 2673, -5*z - 1210 = -3*y. What is the units digit of y?
0
What is the units digit of (-7)/(210/(-409166)) - (-8)/60?
9
Let q(i) = 9*i**2 - 35*i - 90. Let b be q(-21). Suppose -5*k - b = -8*k - 2*d, 0 = -d. What is the hundreds digit of k?
5
Suppose -5*a + 13 = -4*y, -2*a - 2*y = a - 21. Suppose t + 0*s = 5*s + 602, -5*s - a = 0. What is the units digit of 2/(-6) - (-5 - t/9)?
1
What is the units digit of 106236/78*85/6?
5
Let d be (1/1)/((65/(-10))/(-13)). Suppose d*t + 52 = -3*p + 916, 1309 = 3*t - 2*p. What is the tens digit of t?
3
Let k(h) = -h**2 - 16*h + 21. Let p be k(-17). Suppose 5*i + 5*v = 4*v, 2*i = -p*v. Suppose i = 76*d - 78*d + 64. What is the units digit of d?
2
Let b be (-12)/30 + (-8516)/10. Let n = 1205 + b. What is the units digit of n?
3
Let m = 7653 - 2793. What is the units digit of m?
0
Let j = -1452 + 2310. What is the hundreds digit of j?
8
Suppose 3*c + 1 = 25. Suppose 2*m = 3*v - 737, 251 = v - 2*m + c. What is the units digit of v?
7
Let k(t) = -12*t**2 + 5*t - 68. Let y(z) = -49*z**2 + 19*z - 270. Let x(r) = -9*k(r) + 2*y(r). What is the hundreds digit of x(5)?
2
Suppose -9*p = -495 + 144. Suppose -1842 = 33*t - p*t. What is the hundreds digit of t?
3
Suppose 812 + 3804 = 8*s. Let y(l) = 4*l**2 - l. Let p be y(1). Suppose -5*z + s = -4*a, 3*a = -p*z + 8*a + 341. What is the units digit of z?
7
Let c = 418 - 46. Suppose -c = -s - 0*s. Suppose -4*h + s = -2*p, -5*h + h = -5*p - 378. What is the tens digit of h?
9
Let u = 64 - 61. Suppose -4*b - 16 = 0, -b - 7 - 6 = -u*a. What is the units digit of (1/a)/(((-2)/99)/(-2))?
3
Suppose 3*v + 3*s - 39 = 0, 6*v + 5*s - 32 = 4*v. Suppose 24 = 7*n - v. Suppose 1246 = n*h - o, -4*o + 3*o - 250 = -h. What is the units digit of h?
9
Let b(c) = 122*c**2 - 31*c - 159. Let p be b(-6). Suppose -4*l = 3*y - p, 3 + 3 = -2*l. What is the thousands digit of y?
1
Let f be (-9)/27 + 6/(-27)*39. What is the hundreds digit of -4*f/198 + 13680/22?
6
Let w(v) = -7*v**3 - 7*v**2 - 131*v + 176. What is the thousands digit of w(-10)?
7
Let h = 1840 + -1026. Let n = -472 + h. What is the hundreds digit of n?
3
Let j = 1255 + -347. What is the hundreds digit of j?
9
Suppose 2019 = n + 5*p - 3204, 0 = 4*n + 3*p - 20773. What is the hundreds digit of n?
1
Let u be (1/2)/((-10)/(-320)). Suppose u*f - 1178 = 8374. What is the units digit of f?
7
Suppose j + 3*d - 221 = -0*d, -j - 5*d = -219. Let g = -19 + j. What is the units digit of g?
5
Let t be (-5)/(-2)*(1 - 531/(-3)). Let c = 884 - t. What is the hundreds digit of c?
4
Suppose -3 = -t - 50. Let r = t - -26. Let m = r - -50. What is the tens digit of m?
2
Let j(d) = 9*d**3 - 4*d**2 + 4*d - 2. Let f(y) = 3*y - 25. Let u be f(7). Let k be 0 - (u + 1 + 1). What is the units digit of j(k)?
2
Let l(q) = -2*q**3 - 4*q**2 - 9*q - 7. Let x(k) = -3*k + 3. Let i be x(2). Let f be l(i). Let r = f - -40. What is the units digit of r?
8
Let d(n) = 1872*n - 828. What is the thousands digit of d(3)?
4
Let f = 20566 + 1056. What is the hundreds digit of f?
6
Let t = -14 + 16. Suppose -t*j + 1056 = j. Suppose -j = -0*l - 2*l. What is the tens digit of l?
7
Let j(m) = 4*m**2 + 8*m + 11. Let g be j(-6). Let o = -222 + g. Let c = o + 188. What is the tens digit of c?
7
Let f = 8042 - -14891. What is the thousands digit of f?
2
Let i = -104 - -59. Let h = i + 55. Suppose h*f - f = 315. What is the tens digit of f?
3
What is the units digit of (5/6 + -1)*-4*(2 - -28324)?
4
Suppose -43140 = -166*t - 174*t + 336*t. What is the tens digit of t?
8
Suppose 629 = -q + p, -15*q = -20*q - p - 3121. What is the tens digit of -3 - (q + -5)/1?
2
Let q = -22 + 36. What is the units digit of (q/28*2)/((-1)/(-1192))?
2
Suppose -95 - 298 = -h - 5*o, -3*h + 5*o = -1279. Let l = h - -37. What is the units digit of l?
5
Suppose 0 = -2*a + 69*z - 66*z + 72728, -72712 = -2*a - 5*z. What is the hundreds digit of a?
3
Let q be 42/9*18/(-2). Let j be (-22)/(-3) - 28/q. Suppose j*b + 279 - 775 = 0. What is the units digit of b?
2
Suppose 127*z - 111*z - 288 = 0. What is the units digit of z/(-27)*-1032 - (2 + -2)?
8
What is the units digit of 6 - (-265048)/35 - (55/(-25) + 2)?
9
Let g(x) = 440*x + 31. Let q be g(3). Suppose n + n = 3*i + q, 0 = i - 1. What is the hundreds digit of n?
6
Let s(q) = -q**3 - 5*q**2 + 14*q - 17. Let d be s(-10). Suppose 0*o + d = o - z, 0 = 3*o + 5*z - 997. What is the hundreds digit of o?
3
Suppose 107*s + 251425 = -87*s + 860973. What is the units digit of s?
2
Suppose -4*h = 3*t - h, -5*t + 12 = -h. Let d be ((-56)/t + 4)*1/(-2). Suppose -d*b = -7*b - 550. What is the tens digit of b?
1
What is the units digit of 222/(-666) - (-19370)/6?
8
Let g be 2/((-254)/(-336) - 3/4). Let a = 682 - g. What is the tens digit of a?
4
What is the 